16*n - 46. Let z be i(12). Suppose -3*y + 21414 = 3*k + z*k, 4*k - 17109 = 5*y. Is k a prime number?
False
Let q(i) = 15*i**3 + 4*i**2 + 7*i - 2. Let g be q(-7). Let f = -3554 - g. Suppose -5*w + 12521 - f = 0. Is w prime?
False
Suppose 0 = 2*y - 2*m - 101246, 0 = 10*y - 12*y - 4*m + 101270. Is y a prime number?
True
Let d(h) = -35*h - 3. Suppose 2066 = -6*q + 1946. Is d(q) a prime number?
False
Suppose 23*r = 7*r + 16. Is 0/1 - r*(4 + -2943) composite?
False
Suppose 1040694 + 1334631 = 9*d + 687510. Is d a composite number?
True
Let q be (1 - 4099)/(-4 - -2). Let l = 1091 + -1088. Suppose -5*k + 10*k = -3*r + 3431, -l*r - q = -3*k. Is k a prime number?
False
Let t(b) = b + 23. Let m be t(-17). Let o(c) = 16*c**3 + 9*c**2 + 12*c - 5. Let p(v) = -v**3 - v**2 - v + 1. Let g(i) = o(i) + 4*p(i). Is g(m) composite?
False
Let v(d) = -14 + 33 + 2*d**2 - 12 - 12*d. Let j be v(5). Is (2/9*j)/(6/(-53991)) a prime number?
False
Let m = 7668077 - 1224160. Is m a prime number?
True
Suppose 753 = -2*d - 11499. Let h = -2179 - d. Is h a prime number?
True
Let z be ((-83893)/(-172))/(1/4). Suppose -4*r - z = -3*q, -1775 + 473 = -2*q + 4*r. Is q composite?
True
Let j(v) = v + 12. Let z(m) = -5*m - 49. Let y(w) = 9*j(w) + 2*z(w). Let h be y(7). Suppose -4*n = -4*p + 244, -2*p + 0*p - h*n = -112. Is p a composite number?
False
Suppose 10 = -29*f + 27*f. Is (-5994)/(-90) - 2/f a composite number?
False
Suppose 360*u - 358*u = 38062. Is u composite?
False
Let s(m) = 38194*m + 1559. Is s(9) a prime number?
False
Suppose -3*u + 5*l - l = 12541, 2*u + 5*l = -8399. Let o = u - -6316. Is o a prime number?
True
Let c(t) = 109*t**2 - 3*t - 9. Let r be c(-2). Let u = r + 10410. Is u a prime number?
False
Let x(s) be the second derivative of -s**5/20 + s**4/2 - s**3/2 + s**2/2 - s. Suppose -5*i + 10 = w, -3*w - 9 = -0*i + 2*i. Is x(w) a composite number?
True
Let i = -39596 - -116467. Is i prime?
True
Let w(a) = -4*a**3 + 10*a**2 - 3*a - 1354. Let g(q) = q**3 - 3*q**2 + q + 451. Let k(m) = -7*g(m) - 2*w(m). Let x be k(0). Let p = x - -1404. Is p composite?
True
Suppose -5582296 - 1685470 = -48*a + 10*a. Is a a composite number?
True
Suppose y - 5263 = -2*o, -2*y + 3198 + 2070 = 2*o. Let w = o - 4391. Let b = -1019 - w. Is b composite?
False
Let z = 776640 - 545533. Is z a composite number?
False
Let j be 35 + 27544 - (-2 - 2). Suppose 47*h - 33235 = j. Is h prime?
False
Suppose -52*f - 83923 = -59*f. Is f prime?
False
Let c(z) = -127*z**3 + z**2 + 9*z + 9. Let w be c(-3). Let x = w + 1079. Is x composite?
True
Let o = -35529 - -115078. Is o a composite number?
False
Let m(q) = 119*q**2 - 3*q + 65. Suppose 34*p - 40*p + 54 = 0. Is m(p) composite?
False
Suppose 5*l + 18 = 38. Let g(k) = k**3 - 5*k**2 + 7*k - 4. Let y be g(l). Is (1304/20)/(y/20) composite?
False
Let d be (-294)/(-7)*10/15. Let j = d - -5765. Is j a composite number?
True
Suppose 7 = w - 2*k, 0 = 6*w - 2*w + 4*k + 8. Suppose -5*r = 0, 5*u + 3*r + 2*r = 20. Is (u - 1) + w + 1941 a composite number?
True
Let d be -2*(44536/(-56) + 6/21). Is -3 + 8/12*d + -2 composite?
True
Let z(i) = 11*i**2 + 2*i - 6. Let t be z(3). Let h be (t/(-27))/(2/(-60)). Let a = h - 39. Is a a composite number?
False
Suppose 0 = q + w - 907500, 2*w - 96693 = 3*q - 2819158. Is q prime?
True
Let l(j) = -j**3 + 7*j**2 - 22. Let t be l(-4). Let f(o) = 3 + 5 - t*o + 3. Is f(-2) a composite number?
True
Suppose -77812 = 508*u - 536*u. Is u a composite number?
True
Let h(k) = 22*k + 22. Let y be h(8). Suppose -3*t - y = -3*n + 186, -t - 2 = 0. Let c = n - -605. Is c a composite number?
True
Suppose -302*o - 3880985 = -415*o. Is o a composite number?
True
Suppose 2*f + 1833 = g, -99*g = -100*g + 5*f + 1821. Is g composite?
True
Let w(i) be the second derivative of i**5/10 + 5*i**4/6 + 7*i**3/6 + 37*i**2/2 - 5*i + 8. Is w(10) composite?
True
Let n(l) = -3*l + 8. Let p be n(2). Let s be p + 766 - 2*(-4 + 5). Suppose -5*o + s + 304 = 0. Is o a composite number?
True
Let b be 583 + (3 - 4 - 3). Let o = b + -251. Suppose 811 = 5*q + 4*g, -2*q + g - 14 + o = 0. Is q composite?
True
Let c(b) = -31*b + 119. Let q = -258 + 246. Is c(q) a composite number?
False
Suppose 12*a - 173200 - 696658 = -10*a. Is a a composite number?
True
Let i(t) = 14*t**2 - 91*t + t**3 + 0*t**3 + 74*t - 28. Let k be i(-15). Suppose 0 = -3*p + k*j + 8227, 6*p - p = -3*j + 13699. Is p prime?
True
Let h(l) = -l**3 + 6*l**2 + 5*l + 6. Let p be h(-5). Let i = p - -86. Let q = -131 + i. Is q a prime number?
True
Let z be 2/8 + 410588/16. Suppose 0 = -2*v - 0*v - r + 12828, 4*v = r + z. Is v prime?
False
Let q = 40 + -46. Let v be 4/q + (-8778)/(-18). Suppose -6*w + v = -5*w. Is w a prime number?
True
Suppose -5*a + 1075010 = 3*h, 260468 = 5*a + 4*h - 814547. Is a a prime number?
False
Suppose -13*f = 13*f - 190268. Let b = -1616 + f. Is b a composite number?
True
Let n = -659396 + 974149. Is n prime?
False
Is (53 - 52)/((-1)/2) - -7501 a composite number?
False
Suppose -42*r = -80*r + 40*r - 51046. Is r prime?
True
Let p = 1715 - -8418. Is p prime?
True
Let u(s) = -s + 11. Suppose 3*g = -2*r + 14, -3*r + 14 + 7 = 2*g. Let o be u(r). Is (-3)/4 + 5599/o a composite number?
False
Is ((-178)/89)/((-4)/10546) composite?
False
Suppose 0 = 4*h + 4*m - 198072, -5*h + 4*m = 3*m - 247560. Is h a composite number?
True
Suppose 165*g = 6280431 + 3147230 + 74029. Is g prime?
False
Suppose 5*z - 4*q + 7*q - 63706 = 0, -3*z = -q - 38232. Let w = 20952 - z. Is w a prime number?
True
Let w(j) = 2*j - 5. Let c be w(0). Let q be 77/5 + 2/c. Suppose -4*v = 1 + q, 5*p - 3*v = 5587. Is p composite?
True
Suppose 0*r + 67 = r - 4*d, -4*r + 288 = 4*d. Let j = r - 67. Is (2434/8)/(1/j) a composite number?
False
Let b be (-2 + 0)*66/(-11). Suppose 0*t = s - 3*t - b, 2*t = -5*s + 9. Suppose -3*g + x = -10942, 3193 + 7752 = s*g - 4*x. Is g prime?
False
Let m(k) = 1584*k**2 - 10*k - 24. Let y be m(-2). Suppose t - 15817 = -5*z, -2*z - 17*t = -14*t - y. Is z a prime number?
True
Let n = 9482 + -1650. Let u = n - 3351. Is u a composite number?
False
Suppose 0 = 5*d - 2*o - 44, -4 = 3*d - 4*o - 22. Suppose d*j - 15*j = -3*l - 25638, -3*j + 15384 = -3*l. Is j a prime number?
False
Let a be (-1)/3 - (305/(-15) + 5). Suppose 150*i - 145*i - a = 0. Is i - (-65 - (-3)/1) a composite number?
True
Let f = -84 + 29. Let j = f - -57. Suppose j*a - 1310 = 2004. Is a a prime number?
True
Let i(u) = -26*u**3 - u**2 + 4*u + 2. Let n be i(-1). Suppose 0 = -3*s - f + 641 + n, 0 = -2*s + f + 451. Is s prime?
True
Let n(v) = -4*v**3 - 67*v**2 - 55*v - 235. Is n(-50) a prime number?
False
Suppose -2*l + t + 500212 = 0, 78*l - 75*l = -6*t + 750363. Is l prime?
True
Suppose -2*l = 3*m - 3*l - 50, -4*m + 2*l = -66. Let c(b) = 18*b - 28. Let n be c(m). Let a = -27 + n. Is a a composite number?
False
Is 21/(-84)*36 + 38948 composite?
True
Let a = 227914 - -174864. Is a a composite number?
True
Let f be (-4)/6 - (-231)/9. Let p be 13/(-3) - -4 - f/(-3). Suppose 5*l - p*l + 417 = 0. Is l prime?
True
Suppose -9*r + 2*r + 103537 = 0. Suppose -6*u + 46799 = -r. Is u prime?
False
Suppose -5*u - 15*m + 10*m = -80625, -3*u + 48377 = 2*m. Is u prime?
True
Let z = -55777 - -118110. Is z a prime number?
False
Suppose 0 = 3*c - 3*s + s - 911, -2*c + 3*s + 614 = 0. Suppose 0 = -3*n - 4*d + 516, 8*n - 13*n + 912 = -2*d. Let j = c - n. Is j a prime number?
False
Let z = 43 + -38. Let q be (z*(-6)/(-15))/((-2)/(-8409)). Suppose 3*g - 5*p - 895 = 5429, 4*g + p - q = 0. Is g a composite number?
True
Let m(y) = 22*y**3 - 5*y**2 + 5*y - 7. Suppose -3*g = 5*d + 46, -2*g - d - 13 - 13 = 0. Let j be -2*4/(32/g). Is m(j) a composite number?
False
Let j = 368780 + -202521. Is j prime?
True
Suppose 157920 = 5*s + 16*s. Suppose s = 6*j - 71722. Is j composite?
True
Let z(f) = 3 + 2 + 3 - 9 + 87*f + 3023*f. Is z(1) a prime number?
True
Let h(f) = 2*f**2 - 20*f + 19. Let t(z) = -7*z - 3. Let l be t(-1). Let i be -3 - 46*(-2)/l. Is h(i) composite?
False
Suppose -8*s - 6522 = -9*s. Let f = s + -3599. Is f a composite number?
True
Suppose 3*q - z - 2746 = -2*z, 5*q - 4558 = 3*z. Suppose 25*i + 2464 = -5*c + 21*i, 2*c + 985 = -i. Let w = c + q. Is w composite?
True
Suppose -7 = -f - 2, 50120 = -5*n + 4*f. Let o = n - -14885. Suppose -o = 5*v - 14100. Is v a compos